{"id":881,"date":"2018-05-29T11:11:20","date_gmt":"2018-05-29T11:11:20","guid":{"rendered":"http:\/\/xtratheme.com\/default\/?page_id=7"},"modified":"2018-05-29T11:11:20","modified_gmt":"2018-05-29T11:11:20","slug":"a-propos","status":"publish","type":"page","link":"https:\/\/vitalabtunisie.com\/?page_id=881","title":{"rendered":"A Propos"},"content":{"rendered":"<p>[vc_row][vc_column]<div class=\"cz_gap clr \" style=\"height: 75px\"><\/div><div id=\"cz_79569\" class=\"cz_79569 cz_title clr cz_smart_fs cz_title_pos_inline tac\"><div class=\"cz_title_shape shape_image cz_shape_1\"><img decoding=\"async\" width=\"128\" height=\"128\" src=\"https:\/\/vitalabtunisie.com\/wp-content\/uploads\/2022\/06\/blood-test-1.png\" class=\"attachment-full\" alt=\"\" title=\"blood-test-1\" \/><\/div><div class=\"cz_title_content\"><div class=\"cz_wpe_content\"><h3 style=\"text-align: center;\"><span style=\"font-size: 48px;\">A Propos de <span style=\"color: #0456b3;\">VITALAB<\/span><\/span><\/h3>\n<p style=\"text-align: center;\"><span style=\"font-size: 26px; font-weight: 200;\">Plus de 15 ans d\u2019exp\u00e9rience<\/span><\/p>\n<\/div><\/div><\/div>[\/vc_column][\/vc_row][vc_row][vc_column]<div class=\"cz_gap clr \" style=\"height: 50px\"><\/div>[vc_row_inner][vc_column_inner css=&#8221;.vc_custom_1569828390114{padding-right: 40px !important;padding-left: 40px !important;}&#8221; offset=&#8221;vc_col-md-6&#8243;]<div class=\"cz_gap clr \" style=\"height: 30px\"><\/div><div id=\"cz_30079\" class=\"cz_30079 cz_title clr cz_mobile_text_center cz_title_pos_inline\"><div class=\"cz_title_content\"><div class=\"cz_wpe_content\"><p><span style=\"font-size: 18px; color: #666666;\">La soci\u00e9t\u00e9 <strong>VITALAB<\/strong> est l&#8217;un des principaux acteurs dans la distribution d&#8217;instruments scientifiques et consommables de laboratoire et assure le service apr\u00e8s-vente sur toute la Tunisie gr\u00e2ce \u00e0 une \u00e9quipe de sp\u00e9cialistes.<\/span><br \/>\n&nbsp;<br \/>\n<span style=\"font-size: 18px; color: #666666;\">Gr\u00e2ce a son \u00e9quipe de professionnelle, <strong>VITALAB<\/strong> avance d\u2019une mani\u00e8re remarquable dans son domaine, elle cherche toujours \u00e0 r\u00e9pondre aux besoins de ses clients , a repr\u00e9senter les grandes marques afin d\u2019avoir le meilleur service , les meilleurs produits avec les meilleurs prix.<\/span><\/p>\n<\/div><\/div><\/div>[\/vc_column_inner][vc_column_inner offset=&#8221;vc_col-md-6&#8243;]<div id=\"cz_94506\" class=\"cz_94506 cz_image clr cz_image_no_fx cz_smart_fs center_on_mobile\"><div class=\"\" ><div class=\"cz_image_in\" data-tilt><div class=\"cz_main_image\"><img decoding=\"async\" width=\"800\" height=\"622\" src=\"https:\/\/vitalabtunisie.com\/wp-content\/uploads\/2022\/06\/laboratoire.jpg\" class=\"attachment-full\" alt=\"\" title=\"laboratoire\" srcset=\"https:\/\/vitalabtunisie.com\/wp-content\/uploads\/2022\/06\/laboratoire.jpg 800w, https:\/\/vitalabtunisie.com\/wp-content\/uploads\/2022\/06\/laboratoire-300x233.jpg 300w, https:\/\/vitalabtunisie.com\/wp-content\/uploads\/2022\/06\/laboratoire-768x597.jpg 768w, https:\/\/vitalabtunisie.com\/wp-content\/uploads\/2022\/06\/laboratoire-600x467.jpg 600w\" sizes=\"(max-width: 800px) 100vw, 800px\" \/><\/div><\/div><\/div><\/div>[\/vc_column_inner][\/vc_row_inner][\/vc_column][\/vc_row]<\/p>\n","protected":false},"excerpt":{"rendered":"<p>[vc_row][vc_column][\/vc_column][\/vc_row][vc_row][vc_column][vc_row_inner][vc_column_inner css=&#8221;.vc_custom_1569828390114{padding-right: 40px !important;padding-left: 40px !important;}&#8221; offset=&#8221;vc_col-md-6&#8243;][\/vc_column_inner][vc_column_inner offset=&#8221;vc_col-md-6&#8243;][\/vc_column_inner][\/vc_row_inner][\/vc_column][\/vc_row] &#8230; <\/p>\n","protected":false},"author":1,"featured_media":0,"parent":0,"menu_order":0,"comment_status":"closed","ping_status":"closed","template":"","meta":{"footnotes":""},"class_list":["post-881","page","type-page","status-publish","hentry"],"_links":{"self":[{"href":"https:\/\/vitalabtunisie.com\/index.php?rest_route=\/wp\/v2\/pages\/881","targetHints":{"allow":["GET"]}}],"collection":[{"href":"https:\/\/vitalabtunisie.com\/index.php?rest_route=\/wp\/v2\/pages"}],"about":[{"href":"https:\/\/vitalabtunisie.com\/index.php?rest_route=\/wp\/v2\/types\/page"}],"author":[{"embeddable":true,"href":"https:\/\/vitalabtunisie.com\/index.php?rest_route=\/wp\/v2\/users\/1"}],"replies":[{"embeddable":true,"href":"https:\/\/vitalabtunisie.com\/index.php?rest_route=%2Fwp%2Fv2%2Fcomments&post=881"}],"version-history":[{"count":1,"href":"https:\/\/vitalabtunisie.com\/index.php?rest_route=\/wp\/v2\/pages\/881\/revisions"}],"predecessor-version":[{"id":1521,"href":"https:\/\/vitalabtunisie.com\/index.php?rest_route=\/wp\/v2\/pages\/881\/revisions\/1521"}],"wp:attachment":[{"href":"https:\/\/vitalabtunisie.com\/index.php?rest_route=%2Fwp%2Fv2%2Fmedia&parent=881"}],"curies":[{"name":"wp","href":"https:\/\/api.w.org\/{rel}","templated":true}]}}